t s(d) = -d + 15. Suppose -y - 2*y + 9 = 0. What is the remainder when s(7) is divided by y?
2
Let c(z) = -z**3 - 4*z**2 + 5*z - 1. Let d be (-5 - -6)*(0 + -4). Let l be c(d). Calculate the remainder when 35 is divided by 14*(2 - (-24)/l).
11
Let j = 62 + -43. What is the remainder when 35 is divided by j?
16
Let o(s) = s + 5. Let v be o(-7). What is the remainder when -16*(-2 - (v - -4)) is divided by 33?
31
Let t = 34 - 18. Let w(y) = -2*y + 7. Let p be w(7). Let r(v) = -v**2 - 11*v + 3. Calculate the remainder when r(p) is divided by t.
15
Suppose 2*h = -15 + 65. Calculate the remainder when 61 is divided by h.
11
Let j(m) = -9*m - m**2 - 11 + 7 + 7. What is the remainder when 32 is divided by j(-8)?
10
Suppose -4*u - 35 = 17. Let v(d) = -d**3 - 13*d**2 + 3. What is the remainder when v(u) is divided by 1?
0
Suppose 5*v - 45 = -3*u, 4*v - 10 = -2*u + 18. Suppose -9 = -c - 2*z, z - 6*z + 26 = 3*c. Calculate the remainder when u is divided by c.
6
Suppose -4*h = -1 - 27. What is the remainder when 27 is divided by h?
6
Let r(z) = -4 - 7*z + 3*z + 3*z + 2*z. Suppose -12 - 28 = -5*d. Calculate the remainder when 10 is divided by r(d).
2
Suppose 3*n - n - 5*c - 7 = 0, 14 = n + c. Calculate the remainder when n is divided by 4.
3
Let v(a) = -a**2 + 5*a + 4. Let m be v(6). What is the remainder when (m + 4)*129/6 is divided by 15?
13
Let s(d) = -6*d + 9. Calculate the remainder when 24 is divided by s(0).
6
Suppose -3*d = 16*d - 456. Calculate the remainder when 44 is divided by d.
20
Let q = 5 - 2. Suppose q*k - 4 = -2*l + 20, 0 = -5*k - 3*l + 40. What is the remainder when 23 is divided by k?
7
Let l be (-4)/(((-6)/(-21))/(-2)). Suppose -160 + l = -4*a. What is the remainder when a is divided by 17?
16
Let h(y) = 2*y**2 - 2*y + 3. Let j be h(2). Let a = 12 - j. Suppose -a*t + 54 = -4*s, -3*t + 54 = -s + 4*s. What is the remainder when 41 is divided by t?
13
Suppose -3*m + 162 = 33. Calculate the remainder when 128 is divided by m.
42
What is the remainder when (-71)/(-4) + 1/4 is divided by 5?
3
Suppose 0 = d + 4*s - 18, 7*d = 5*d - 4*s + 32. Let p(h) = h**2 + 41. What is the remainder when p(0) is divided by d?
13
Let l(u) = -3*u**2 + 6*u + 4. Let w = -3 + 5. Let p(z) = -7*z**2 + 13*z + 8. Let a(g) = w*p(g) - 5*l(g). What is the remainder when 31 is divided by a(-3)?
14
Let k = 46 - 23. What is the remainder when k is divided by 6?
5
Let v = -8 + 7. What is the remainder when (-2 - v)/((-2)/114) is divided by 64/4 - 2/2?
12
Let z(u) = -4*u - 7. Let s(v) = -4*v - 6. Let a(o) = 6*s(o) - 5*z(o). What is the remainder when a(-2) is divided by 3?
1
Suppose t + 23 = 5*m, 3*m - 9 - 8 = -t. Suppose 5*v = 8 + 7, -v - 75 = 3*d. Calculate the remainder when (-108)/d + (-6)/39 is divided by t.
0
Let i = -229 + 238. Suppose -4*p + 120 = p. What is the remainder when p is divided by i?
6
Let f = -208 - -353. Calculate the remainder when f is divided by 21.
19
Suppose -4*a - 28 = 60. Let f = a - -51. Calculate the remainder when f is divided by 10.
9
Suppose -3*q + 4*k = -0*q - 36, -2*k - 24 = -2*q. Suppose -7*s - 175 = -q*s. Calculate the remainder when s is divided by 9.
8
Let t = -4 + 5. Let r(q) = q**3 - 6*q**2 + q. Let j be r(6). Calculate the remainder when t is divided by (3/j)/(3/6).
0
Let d(g) = -g**2 + 18*g + 36. Let n = -22 - -31. What is the remainder when d(19) is divided by n?
8
Let z(v) = -3*v + 9. Let w = -21 - -12. Let l be z(w). Calculate the remainder when (-133)/(-9) + 8/l is divided by 4.
3
Suppose 0 = -4*r + 447 - 179. Calculate the remainder when r is divided by 18.
13
Let a(c) = -c**2 - 16*c - 5. Calculate the remainder when a(-13) is divided by 7.
6
Let m = -24 + 6. Let w = 23 + m. What is the remainder when 9 is divided by w?
4
Let b = -1 - -5. Let q = -10 - -28. Let w = b + q. Calculate the remainder when w is divided by 8.
6
Let l(z) = -z**3 + 6*z**2 + 2*z - 7. What is the remainder when l(4) is divided by 12?
9
Let j = -105 + 168. Suppose -2*l = -6*c + c - 87, -4*l + 147 = -c. Let u = j - l. Calculate the remainder when u is divided by 10.
7
Suppose -3*l = 5*b - 27, 5*l + 2*b - 57 = -12. Calculate the remainder when -1 + (-25 + -1)*-1 is divided by l.
7
Suppose 0 = -r + 5*r - 84. Let n(p) = p**2 + 4*p - 1. Calculate the remainder when r is divided by n(-6).
10
Let c be (-92)/3*(-54)/36. Suppose -c - 1 = -v. Calculate the remainder when v is divided by 25.
22
Let f = -12 + 7. Calculate the remainder when 34 is divided by (-2)/f - (-290)/25.
10
Let q be (-20)/15*6/(-4). Calculate the remainder when 10 is divided by 95/15 - q/6.
4
Let w(q) = -15*q**2 + 12*q**2 + 2*q + 34*q**2 + 1. Let u be w(-1). Let g = 23 + u. What is the remainder when g is divided by 14?
11
Suppose 21*d - 16*d - 25 = 0. Let i = -31 + 46. Calculate the remainder when i is divided by d.
0
Let p = -5 - -3. Calculate the remainder when 35 is divided by (4 - -2)/(p/(-6)).
17
Suppose m - 43 = -4*o - 1, o - 2 = 4*m. Let q(l) = l**3 - 9*l**2 - 9*l - 8. Let p = -1 - -6. What is the remainder when p is divided by q(o)?
1
Let x = 103 + -60. Let w = -8 - -19. What is the remainder when x is divided by w?
10
Let m = 25 + -8. Suppose -4*c - 38 = -2*i, -5*i + 52 = 5*c + m. What is the remainder when 20 is divided by i?
9
Let x = -62 - -82. Calculate the remainder when x is divided by 11.
9
What is the remainder when 86/7 - (-6)/(-21) is divided by 4/6 - (-19)/3?
5
Let i = 19 - 7. Calculate the remainder when 46 is divided by i.
10
Let w(c) = -4*c - 15. Let r = -12 + 1. What is the remainder when w(r) is divided by 3/(7/(-10) + 1)?
9
Let w = 38 + -33. What is the remainder when w is divided by 4?
1
Suppose -2*b - 3*b - 15 = 0, 3*t - 5*b = 48. Calculate the remainder when t is divided by 8.
3
Suppose o + c = -14 - 17, 5*c + 74 = -2*o. Let r = o + 51. What is the remainder when 46 is divided by r?
22
Let j(s) = s**3 + 10*s**2 - 6. What is the remainder when j(-9) is divided by 19?
18
Let z(b) = -9*b + 2. Calculate the remainder when z(-2) is divided by 11.
9
Let h(a) = 20*a**3 - a**2 - a + 1. Let j be h(1). Let q = j + -14. Calculate the remainder when 17 is divided by q.
2
Suppose 4*y - 11 = -2*x + 83, 2*x - 10 = 0. Calculate the remainder when 230 is divided by y.
20
Let n(l) = -2*l**3 + 6*l**2 - 2*l - 3. Let v be n(4). Let f = v - -75. What is the remainder when f is divided by 11?
10
Let r(i) = -i**3 - 3*i**2 - 4*i + 1. What is the remainder when 49 is divided by r(-3)?
10
Let u(t) = t**2 + 3*t. Let n be u(-3). Let z(m) = -m + 39. What is the remainder when z(n) is divided by 10?
9
Let p(a) = -a + 1. Calculate the remainder when 15 is divided by p(-3).
3
Suppose 5*z + 5*b - 30 = 0, 4*z - 5*b + 18 = 5*z. Let l(x) = x**3 + 4*x**2 + 3*x + 4. What is the remainder when l(-3) is divided by z?
1
Let j(i) be the first derivative of i**3/3 - i**2/2 - 6*i + 6. Calculate the remainder when j(-8) is divided by 23.
20
Suppose -5*w + 21 = -59. Suppose 2*f + b - 6*b = w, -f = -5*b - 3. Calculate the remainder when 24 is divided by f.
11
Suppose 4*u + 2 = 10. What is the remainder when u/8 - (-51)/4 is divided by 7?
6
Let b = 19 + -17. Suppose -n - 4*n - b*u - 5 = 0, -n - 2*u - 9 = 0. What is the remainder when n is divided by 1?
0
Let v = -2 + 0. Suppose -80 = -4*u - 4*n, -8*u + 6*u = -3*n - 25. What is the remainder when u is divided by 76/8 - (-1)/v?
8
Calculate the remainder when 51/18 + (-1)/12*-2 is divided by 2.
1
Suppose -105 = -h - 28. Calculate the remainder when h is divided by 20.
17
Let x = -85 - -150. What is the remainder when x is divided by 22?
21
Suppose -16 = -5*p + 9. Let i(g) = -2*g + 9. Let x(s) = -s + 5. Let r(h) = -6*i(h) + 11*x(h). Calculate the remainder when 23 is divided by r(p).
5
Suppose -4*l + 98 = 3*l. Calculate the remainder when 40 is divided by l.
12
Let q(j) = -j**2 + 11*j - 12. Suppose 32 = -0*o + 4*o + 4*c, -5*o + 5*c = 0. Suppose -8 + 52 = o*m. Calculate the remainder when m is divided by q(9).
5
Let m = 3 + 4. Suppose 3*a + 3*v + 3 = 12, 0 = -5*a + 2*v + 22. What is the remainder when m is divided by a?
3
Let j(m) = -22*m + 1. Calculate the remainder when 132 is divided by j(-2).
42
Suppose 25 = 4*p + 3*f, 3*p - 2*f - 2 - 21 = 0. What is the remainder when 22 is divided by p?
1
Let c(z) = -z**3 - 3*z**2 - 1. What is the remainder when c(-5) is div